 18/(-2). Let p(d) = 8*d**2 - d + 3. Let g be p(3). Calculate the greatest common divisor of g and m.
9
Let w = 22 - -32. Suppose -s + w = 2*s. Calculate the greatest common factor of s and 18.
18
Suppose 0 = -2*n + n + 29. Suppose v + 94 = -2*u, 112 = -3*u + 5*v - n. Let c = u + 67. What is the highest common divisor of 5 and c?
5
Suppose -2*h - 15 = 5*l - 61, 0 = -2*l + h + 22. Let p = -76 - -166. What is the greatest common factor of l and p?
10
Suppose 4*t + 16 = 2*v, 2*v - 5*t = 6*v - 19. Suppose 4*m - 2*m + v = 0. Let l be (-7 - m)*2*-1. Calculate the highest common factor of 16 and l.
8
Suppose 10 + 8 = 3*y. Let h = y + -4. Suppose -4*r = 0, -h*m - m + 2*r = -42. What is the greatest common factor of m and 14?
14
Suppose -7*n = -3*n - 180. Let t be (-81)/3*(-6)/18. Calculate the highest common divisor of n and t.
9
Suppose 4*b + x = 171, -3*b - 21 + 162 = 5*x. Suppose 4*u = 4*a - 16, 2*u = 5*a - b + 13. What is the highest common divisor of a and 7?
7
Suppose -2 = s - 3*s, 0 = -z + 5*s + 139. Let g be -2 - 2*-8 - -2. Calculate the greatest common divisor of g and z.
16
Suppose -o = -3*j - 5*o + 22, 0 = 5*j + o - 65. What is the greatest common factor of 112 and j?
14
Suppose -5*k - 346 = 3*p, -4*p - 584 = p + k. Let d be (2/(-6) + 0)*p. Let f be (-721)/(-28) + (-2)/(-8). Calculate the highest common factor of d and f.
13
Let i be 0/1*(-2)/(-2). Suppose 3*p + 0*p = i. Suppose -h - 4*k + 3 = p, 5*h + 3*k = 45 + 21. What is the greatest common divisor of 3 and h?
3
Let k be (-34)/(-3) - (-4)/6. Suppose -5*m + 455 = 2*a, 3*m = 2*a + 3*a + 242. Let i = m - 29. Calculate the greatest common factor of i and k.
12
Let g = -117 + 153. Calculate the highest common factor of 84 and g.
12
Suppose -6 = -3*i + 9. Let q(l) = 39*l - 11. Let z(j) = j - 1. Let b(h) = q(h) - 4*z(h). Let v be b(i). What is the highest common divisor of v and 21?
21
Let c = -4 - -1. Let f = c - -36. Let a(t) = -5*t + 1. Let h be a(-2). Calculate the highest common factor of f and h.
11
Let x(c) = -4*c - 2. Let z be x(-4). Let j = -48 - -90. What is the greatest common factor of j and z?
14
Let j be ((-16)/4 - -3) + 14. Calculate the greatest common factor of j and 299.
13
Suppose -2*b + 4 + 0 = 0. Suppose 0 = -5*j + 2*o + 70, 3*j + 5*o = -j + 56. Calculate the highest common divisor of b and j.
2
Suppose 0 = k - x - 22, 3*k - 46 = -5*x + 52. Calculate the highest common divisor of k and 91.
13
Suppose -431 = -3*q + 304. Suppose -2*s + q = 77. What is the highest common factor of s and 12?
12
Let z be (2/(-2))/(2/6). Let x be (z/(-4))/((-3)/(-36)). Let p = 27 + 18. What is the greatest common divisor of x and p?
9
Let u be (2/4)/1*-2. Let g(b) = 108*b**2 + b + 1. Let n be g(u). Calculate the greatest common divisor of n and 12.
12
Let g(y) = -y**3 + 19*y**2 - 14*y - 23. Let u be g(18). What is the greatest common divisor of u and 7?
7
Let i = -32 + 46. Let z = 71 - 50. Calculate the highest common divisor of i and z.
7
Let w = -6 - -7. Calculate the greatest common divisor of 5 and w.
1
Suppose -2*g - 1 = -5. Suppose 0 = g*s - 3*s + 21. What is the highest common divisor of s and 84?
21
Suppose 3*a - 270 = -102. Suppose t - 4*d - 16 = 0, 2*d + 29 = 5*t - d. Let z(j) = j**2 - 3*j + 3. Let b be z(t). What is the greatest common factor of b and a?
7
Let d = 24 + -17. Let b(l) = l**3 + 7*l**2 - l - 7. Let q be b(-7). Let o(p) = p + 77. Let y be o(q). Calculate the greatest common divisor of y and d.
7
Let u be -1 + 2 - 3 - -49. Let c = u - 28. Calculate the greatest common divisor of 57 and c.
19
Let l be (-14)/(-4) + (-10)/(-20). Let t be (12 + 0)*l/4. What is the highest common divisor of t and 36?
12
Let m = 354 + -174. Let f = -3 + 9. Suppose f*n - m = 2*n. What is the greatest common factor of n and 18?
9
Let h = -86 + 48. Let q = 64 + h. What is the highest common factor of 13 and q?
13
Suppose m - 36 = -2*m. What is the greatest common factor of m and 18?
6
Suppose -4*d = -65 + 17. What is the greatest common factor of d and 96?
12
Suppose -q - 5*q + 1464 = 0. Let x be (5/3)/(2/6). Suppose 0 = -4*y + 5*b + q, y - 5*b = x*y - 284. What is the greatest common factor of 6 and y?
6
Suppose -9*y + 533 = -115. Calculate the greatest common factor of 3 and y.
3
Let j(u) = -u**3 - 15*u**2 + 14*u - 5. Let l be j(-16). What is the highest common divisor of 54 and l?
27
Let j(p) = 2*p**2 - 3. Let d be j(-2). Let r be -2 + 2 + 0 - -84. Suppose -1 - 50 = -2*f - d*w, -4*w = 4*f - r. What is the greatest common factor of 18 and f?
18
Let c = -17 - -61. Let s = 164 - 54. What is the highest common divisor of c and s?
22
Let g(y) = 3*y**2 + y + 90. Let b be g(0). What is the greatest common factor of 9 and b?
9
Let v(w) = 12*w. Let u be -1*3/(-2 + -1). Let k be v(u). Calculate the greatest common factor of k and 24.
12
Suppose -2 + 80 = 6*p. What is the greatest common divisor of 143 and p?
13
Suppose -4*q + 14 = -3*q + 3*u, -5*u = 0. Calculate the greatest common factor of 42 and q.
14
Suppose 4*i + 3*q - 137 = 148, -3*i = -4*q - 220. Let z(k) = k**2 - k + 9. Let l be z(0). What is the greatest common divisor of l and i?
9
Let b = -6 + 21. Suppose b = 5*r - 115. What is the highest common divisor of 26 and r?
26
Let b be (9 - 7) + (124 - 0). What is the highest common divisor of b and 14?
14
Let g = 5 + 3. Let p = 0 - -1. Let z be 20*p/(10/36). Calculate the greatest common divisor of g and z.
8
Let j = 182 - 276. Let k = 134 + j. What is the greatest common factor of 5 and k?
5
Let y(j) = -j**2 + 5*j + 5. Let d be y(6). Let i(o) = -28*o**2 - 1. Let c be i(d). Let s = -9 - c. Calculate the greatest common divisor of s and 5.
5
Let j(z) = -z + 135. Let o be j(0). Suppose -t = 4*t - i - 78, 4*i + 57 = 3*t. What is the greatest common divisor of t and o?
15
Let c be ((-102)/(-12))/(2/(-4)). Let d = 41 + c. Calculate the highest common divisor of d and 3.
3
Let w(j) be the second derivative of -j**4/12 - 2*j**3 - 7*j**2/2 - 5*j. Let u be w(-5). What is the highest common divisor of u and 7?
7
Suppose -5*h = -v + 5*v - 47, v + 2*h - 8 = 0. What is the highest common factor of v and 9?
9
Let s(m) = -m**3 + 7*m**2 + 3*m - 16. Let t be s(7). Calculate the highest common factor of 5 and t.
5
Let h = 41 - 24. Suppose -v + y = -0*v - h, -y + 83 = 4*v. What is the highest common factor of v and 60?
20
Let v be (24/(-5))/(-6 - 290/(-50)). What is the greatest common divisor of 9 and v?
3
Suppose -19*o - 855 = -22*o. Calculate the highest common factor of o and 114.
57
Let p(c) be the first derivative of c**4/4 + 7*c**3/3 + 3*c**2/2 - 9*c + 9. Let q be p(-4). What is the highest common divisor of q and 297?
27
Let u(a) = -3*a + 5. Let w be u(-2). What is the highest common divisor of 88 and w?
11
Let q(x) = x**2 - 2*x + 4. Let n(b) = b**3 + 6*b**2 - 9*b - 10. Let o be n(-7). Let t be q(o). Calculate the highest common divisor of t and 12.
12
Suppose -3*t + 24 = -3*g, -5*t = -3*g - 46 + 4. Calculate the greatest common divisor of t and 36.
9
Suppose 2*a - 43 + 11 = -5*h, a - 31 = 5*h. Calculate the highest common divisor of a and 3.
3
Let a be 276/15 + 2/(-5). What is the highest common factor of a and 2?
2
Let z(r) = r**3 + 7*r**2 + 5*r - 3. Let n be z(-3). What is the highest common factor of 90 and n?
18
Let v be (-63)/((-1)/((-4)/(-4))). Calculate the greatest common factor of v and 7.
7
Suppose 4*f - 2*m - 97 = 3*m, 2*m = -f + 8. Calculate the greatest common divisor of f and 2.
2
Let l(g) = g**2 + 5*g. Let v be l(-4). Let d be 4*7*(-2)/v. Suppose 5*u - 131 = w + 2*w, -97 = -4*u + 5*w. Calculate the highest common factor of d and u.
14
Suppose 0*g + g = -i + 4, 0 = i - 4*g + 16. Suppose 0 = 2*m - i*m - 120. What is the greatest common divisor of m and 15?
15
Let i be 1 + 0 - (4 + -21). What is the greatest common factor of 2 and i?
2
Let z(x) = x**3 + 14*x**2 - 34*x - 19. Let c be z(-16). What is the greatest common factor of c and 91?
13
Suppose 0 = -0*w + w + q - 47, -3*w + 143 = 2*q. Let a be 2730/w + 4/14. Suppose -6 + 2 = 2*g, 5*b - 39 = 2*g. Calculate the greatest common factor of a and b.
7
Let k(i) = -8*i - 13. Let b be k(6). Let l = 141 + b. What is the highest common divisor of l and 20?
20
Suppose b = 4*b - 36. Let x(o) = -o**2 + 3*o + 18. Let h be x(0). What is the greatest common